{"id":90,"date":"2020-04-19T19:06:15","date_gmt":"2020-04-19T19:06:15","guid":{"rendered":"http:\/\/voegelemaschinenbau.com\/?page_id=90"},"modified":"2021-09-21T18:40:48","modified_gmt":"2021-09-21T18:40:48","slug":"karriere","status":"publish","type":"page","link":"http:\/\/www.voegelemaschinenbau.com\/?page_id=90","title":{"rendered":"Karriere"},"content":{"rendered":"\n<p class=\"has-normal-font-size\">Als wachsendes Unternehmen sind wir immer auf der Suche nach verl\u00e4sslichen und motivierten MitarbeiterInnen !<br><br>Neben abwechslungsreicher T\u00e4tigkeit k\u00f6nnen wir auch mit einem ausgezeichneten Betriebsklima punkten. Wir legen Wert darauf, unseren MitarbeiterInnen die M\u00f6glichkeit zur beruflichen Weiterentwicklung zu bieten. Wer sich bei uns bewirbt, kann damit rechnen gef\u00f6rdert und gefordert, aber nicht \u00fcberfordert zu werden.<br><br>Besonders wichtig ist uns zudem eine faire, leistungsorientierte Entlohnung. Marktkonforme \u00dcberzahlung ist abh\u00e4ngig von Qualifikation und Berufserfahrung und in allen Bereichen m\u00f6glich.<\/p>\n\n\n\n<figure class=\"wp-block-image size-large\"><img loading=\"lazy\" width=\"640\" height=\"272\" src=\"http:\/\/voegelemaschinenbau.com\/wp-content\/uploads\/2020\/05\/success-2697951_640.jpg\" alt=\"\" class=\"wp-image-254\" srcset=\"http:\/\/www.voegelemaschinenbau.com\/wp-content\/uploads\/2020\/05\/success-2697951_640.jpg 640w, http:\/\/www.voegelemaschinenbau.com\/wp-content\/uploads\/2020\/05\/success-2697951_640-300x128.jpg 300w\" sizes=\"(max-width: 640px) 100vw, 640px\" \/><\/figure>\n\n\n\n<hr class=\"wp-block-separator is-style-wide\"\/>\n\n\n\n<h2>Aktuelle Stellen:<\/h2>\n\n\n\n<p class=\"has-normal-font-size\"><strong>Stellenangebot FacharbeiterIn f\u00fcr Metallbau<\/strong><\/p>\n\n\n\n<p class=\"has-normal-font-size\">Zur Erweiterung unseres Teams suchen wir FacharbeiterInnen, die bereits eine Lehre f\u00fcr Metallbautechnik oder verwandte Berufe abgeschlossen haben.<br>Aufgabenbereich: Fertigung im Bereich Laserschneiden oder Blechbearbeitung-Stahlbau\/Bauschlosserei.<\/p>\n\n\n\n<p class=\"has-normal-font-size\">Wir bieten:<br>Abwechslungsreiche T\u00e4tigkeit;<br>Modernsten Arbeitsplatz;<br>Famili\u00e4res Betriebsklima;<br>Direkte Mitarbeit am Projekt\/im Betrieb;<br>Eine marktkonforme \u00dcberzahlung ist abh\u00e4ngig von Qualifikation und<br>Berufserfahrung.<\/p>\n\n\n\n<hr class=\"wp-block-separator is-style-wide\"\/>\n\n\n\n<p class=\"has-normal-font-size\">Bewerbungen an <a>office@voegelemetallbau.com<\/a><\/p>\n","protected":false},"excerpt":{"rendered":"<p>Als wachsendes Unternehmen sind wir immer auf der Suche nach verl\u00e4sslichen und motivierten MitarbeiterInnen ! Neben abwechslungsreicher T\u00e4tigkeit k\u00f6nnen wir auch mit einem ausgezeichneten Betriebsklima punkten. Wir legen Wert darauf, unseren MitarbeiterInnen die M\u00f6glichkeit zur beruflichen Weiterentwicklung zu bieten. Wer sich bei uns bewirbt, kann damit rechnen gef\u00f6rdert und gefordert,&hellip; <\/p>\n","protected":false},"author":1,"featured_media":326,"parent":0,"menu_order":0,"comment_status":"closed","ping_status":"closed","template":"","meta":[],"yoast_head":"<!-- This site is optimized with the Yoast SEO plugin v18.4.1 - https:\/\/yoast.com\/wordpress\/plugins\/seo\/ -->\n<title>Karriere - V\u00f6gele Metallbau GmbH &amp; Co. KG<\/title>\n<meta name=\"robots\" content=\"index, follow, max-snippet:-1, max-image-preview:large, max-video-preview:-1\" \/>\n<link rel=\"canonical\" href=\"http:\/\/www.voegelemaschinenbau.com\/?page_id=90\" \/>\n<meta property=\"og:locale\" content=\"de_DE\" \/>\n<meta property=\"og:type\" content=\"article\" \/>\n<meta property=\"og:title\" content=\"Karriere - V\u00f6gele Metallbau GmbH &amp; Co. KG\" \/>\n<meta property=\"og:description\" content=\"Als wachsendes Unternehmen sind wir immer auf der Suche nach verl\u00e4sslichen und motivierten MitarbeiterInnen ! Neben abwechslungsreicher T\u00e4tigkeit k\u00f6nnen wir auch mit einem ausgezeichneten Betriebsklima punkten. Wir legen Wert darauf, unseren MitarbeiterInnen die M\u00f6glichkeit zur beruflichen Weiterentwicklung zu bieten. Wer sich bei uns bewirbt, kann damit rechnen gef\u00f6rdert und gefordert,&hellip;\" \/>\n<meta property=\"og:url\" content=\"http:\/\/www.voegelemaschinenbau.com\/?page_id=90\" \/>\n<meta property=\"og:site_name\" content=\"V\u00f6gele Metallbau GmbH &amp; Co. KG\" \/>\n<meta property=\"article:modified_time\" content=\"2021-09-21T18:40:48+00:00\" \/>\n<meta property=\"og:image\" content=\"http:\/\/www.voegelemaschinenbau.com\/wp-content\/uploads\/2020\/05\/Slider-3.jpg\" \/>\n\t<meta property=\"og:image:width\" content=\"1440\" \/>\n\t<meta property=\"og:image:height\" content=\"500\" \/>\n\t<meta property=\"og:image:type\" content=\"image\/jpeg\" \/>\n<meta name=\"twitter:card\" content=\"summary_large_image\" \/>\n<meta name=\"twitter:label1\" content=\"Gesch\u00e4tzte Lesezeit\" \/>\n\t<meta name=\"twitter:data1\" content=\"1 Minute\" \/>\n<script type=\"application\/ld+json\" class=\"yoast-schema-graph\">{\"@context\":\"https:\/\/schema.org\",\"@graph\":[{\"@type\":\"Organization\",\"@id\":\"http:\/\/www.voegelemaschinenbau.com\/#organization\",\"name\":\"V\u00f6gele Metallbau GmbH & Co. KG\",\"url\":\"http:\/\/www.voegelemaschinenbau.com\/\",\"sameAs\":[],\"logo\":{\"@type\":\"ImageObject\",\"@id\":\"http:\/\/www.voegelemaschinenbau.com\/#logo\",\"inLanguage\":\"de-AT\",\"url\":\"http:\/\/www.voegelemaschinenbau.com\/wp-content\/uploads\/2020\/05\/logo-neu-e1588626158980.jpg\",\"contentUrl\":\"http:\/\/www.voegelemaschinenbau.com\/wp-content\/uploads\/2020\/05\/logo-neu-e1588626158980.jpg\",\"width\":300,\"height\":120,\"caption\":\"V\u00f6gele Metallbau GmbH & Co. KG\"},\"image\":{\"@id\":\"http:\/\/www.voegelemaschinenbau.com\/#logo\"}},{\"@type\":\"WebSite\",\"@id\":\"http:\/\/www.voegelemaschinenbau.com\/#website\",\"url\":\"http:\/\/www.voegelemaschinenbau.com\/\",\"name\":\"V\u00f6gele Metallbau GmbH &amp; Co. KG\",\"description\":\"\",\"publisher\":{\"@id\":\"http:\/\/www.voegelemaschinenbau.com\/#organization\"},\"potentialAction\":[{\"@type\":\"SearchAction\",\"target\":{\"@type\":\"EntryPoint\",\"urlTemplate\":\"http:\/\/www.voegelemaschinenbau.com\/?s={search_term_string}\"},\"query-input\":\"required name=search_term_string\"}],\"inLanguage\":\"de-AT\"},{\"@type\":\"ImageObject\",\"@id\":\"http:\/\/www.voegelemaschinenbau.com\/?page_id=90#primaryimage\",\"inLanguage\":\"de-AT\",\"url\":\"http:\/\/www.voegelemaschinenbau.com\/wp-content\/uploads\/2020\/05\/Slider-3.jpg\",\"contentUrl\":\"http:\/\/www.voegelemaschinenbau.com\/wp-content\/uploads\/2020\/05\/Slider-3.jpg\",\"width\":1440,\"height\":500},{\"@type\":\"WebPage\",\"@id\":\"http:\/\/www.voegelemaschinenbau.com\/?page_id=90#webpage\",\"url\":\"http:\/\/www.voegelemaschinenbau.com\/?page_id=90\",\"name\":\"Karriere - V\u00f6gele Metallbau GmbH &amp; Co. KG\",\"isPartOf\":{\"@id\":\"http:\/\/www.voegelemaschinenbau.com\/#website\"},\"primaryImageOfPage\":{\"@id\":\"http:\/\/www.voegelemaschinenbau.com\/?page_id=90#primaryimage\"},\"datePublished\":\"2020-04-19T19:06:15+00:00\",\"dateModified\":\"2021-09-21T18:40:48+00:00\",\"breadcrumb\":{\"@id\":\"http:\/\/www.voegelemaschinenbau.com\/?page_id=90#breadcrumb\"},\"inLanguage\":\"de-AT\",\"potentialAction\":[{\"@type\":\"ReadAction\",\"target\":[\"http:\/\/www.voegelemaschinenbau.com\/?page_id=90\"]}]},{\"@type\":\"BreadcrumbList\",\"@id\":\"http:\/\/www.voegelemaschinenbau.com\/?page_id=90#breadcrumb\",\"itemListElement\":[{\"@type\":\"ListItem\",\"position\":1,\"name\":\"Home\",\"item\":\"http:\/\/www.voegelemaschinenbau.com\/\"},{\"@type\":\"ListItem\",\"position\":2,\"name\":\"Karriere\"}]}]}<\/script>\n<!-- \/ Yoast SEO plugin. -->","yoast_head_json":{"title":"Karriere - V\u00f6gele Metallbau GmbH &amp; Co. KG","robots":{"index":"index","follow":"follow","max-snippet":"max-snippet:-1","max-image-preview":"max-image-preview:large","max-video-preview":"max-video-preview:-1"},"canonical":"http:\/\/www.voegelemaschinenbau.com\/?page_id=90","og_locale":"de_DE","og_type":"article","og_title":"Karriere - V\u00f6gele Metallbau GmbH &amp; Co. KG","og_description":"Als wachsendes Unternehmen sind wir immer auf der Suche nach verl\u00e4sslichen und motivierten MitarbeiterInnen ! Neben abwechslungsreicher T\u00e4tigkeit k\u00f6nnen wir auch mit einem ausgezeichneten Betriebsklima punkten. Wir legen Wert darauf, unseren MitarbeiterInnen die M\u00f6glichkeit zur beruflichen Weiterentwicklung zu bieten. Wer sich bei uns bewirbt, kann damit rechnen gef\u00f6rdert und gefordert,&hellip;","og_url":"http:\/\/www.voegelemaschinenbau.com\/?page_id=90","og_site_name":"V\u00f6gele Metallbau GmbH &amp; Co. KG","article_modified_time":"2021-09-21T18:40:48+00:00","og_image":[{"width":1440,"height":500,"url":"http:\/\/www.voegelemaschinenbau.com\/wp-content\/uploads\/2020\/05\/Slider-3.jpg","type":"image\/jpeg"}],"twitter_card":"summary_large_image","twitter_misc":{"Gesch\u00e4tzte Lesezeit":"1 Minute"},"schema":{"@context":"https:\/\/schema.org","@graph":[{"@type":"Organization","@id":"http:\/\/www.voegelemaschinenbau.com\/#organization","name":"V\u00f6gele Metallbau GmbH & Co. KG","url":"http:\/\/www.voegelemaschinenbau.com\/","sameAs":[],"logo":{"@type":"ImageObject","@id":"http:\/\/www.voegelemaschinenbau.com\/#logo","inLanguage":"de-AT","url":"http:\/\/www.voegelemaschinenbau.com\/wp-content\/uploads\/2020\/05\/logo-neu-e1588626158980.jpg","contentUrl":"http:\/\/www.voegelemaschinenbau.com\/wp-content\/uploads\/2020\/05\/logo-neu-e1588626158980.jpg","width":300,"height":120,"caption":"V\u00f6gele Metallbau GmbH & Co. KG"},"image":{"@id":"http:\/\/www.voegelemaschinenbau.com\/#logo"}},{"@type":"WebSite","@id":"http:\/\/www.voegelemaschinenbau.com\/#website","url":"http:\/\/www.voegelemaschinenbau.com\/","name":"V\u00f6gele Metallbau GmbH &amp; Co. KG","description":"","publisher":{"@id":"http:\/\/www.voegelemaschinenbau.com\/#organization"},"potentialAction":[{"@type":"SearchAction","target":{"@type":"EntryPoint","urlTemplate":"http:\/\/www.voegelemaschinenbau.com\/?s={search_term_string}"},"query-input":"required name=search_term_string"}],"inLanguage":"de-AT"},{"@type":"ImageObject","@id":"http:\/\/www.voegelemaschinenbau.com\/?page_id=90#primaryimage","inLanguage":"de-AT","url":"http:\/\/www.voegelemaschinenbau.com\/wp-content\/uploads\/2020\/05\/Slider-3.jpg","contentUrl":"http:\/\/www.voegelemaschinenbau.com\/wp-content\/uploads\/2020\/05\/Slider-3.jpg","width":1440,"height":500},{"@type":"WebPage","@id":"http:\/\/www.voegelemaschinenbau.com\/?page_id=90#webpage","url":"http:\/\/www.voegelemaschinenbau.com\/?page_id=90","name":"Karriere - V\u00f6gele Metallbau GmbH &amp; Co. KG","isPartOf":{"@id":"http:\/\/www.voegelemaschinenbau.com\/#website"},"primaryImageOfPage":{"@id":"http:\/\/www.voegelemaschinenbau.com\/?page_id=90#primaryimage"},"datePublished":"2020-04-19T19:06:15+00:00","dateModified":"2021-09-21T18:40:48+00:00","breadcrumb":{"@id":"http:\/\/www.voegelemaschinenbau.com\/?page_id=90#breadcrumb"},"inLanguage":"de-AT","potentialAction":[{"@type":"ReadAction","target":["http:\/\/www.voegelemaschinenbau.com\/?page_id=90"]}]},{"@type":"BreadcrumbList","@id":"http:\/\/www.voegelemaschinenbau.com\/?page_id=90#breadcrumb","itemListElement":[{"@type":"ListItem","position":1,"name":"Home","item":"http:\/\/www.voegelemaschinenbau.com\/"},{"@type":"ListItem","position":2,"name":"Karriere"}]}]}},"_links":{"self":[{"href":"http:\/\/www.voegelemaschinenbau.com\/index.php?rest_route=\/wp\/v2\/pages\/90"}],"collection":[{"href":"http:\/\/www.voegelemaschinenbau.com\/index.php?rest_route=\/wp\/v2\/pages"}],"about":[{"href":"http:\/\/www.voegelemaschinenbau.com\/index.php?rest_route=\/wp\/v2\/types\/page"}],"author":[{"embeddable":true,"href":"http:\/\/www.voegelemaschinenbau.com\/index.php?rest_route=\/wp\/v2\/users\/1"}],"replies":[{"embeddable":true,"href":"http:\/\/www.voegelemaschinenbau.com\/index.php?rest_route=%2Fwp%2Fv2%2Fcomments&post=90"}],"version-history":[{"count":12,"href":"http:\/\/www.voegelemaschinenbau.com\/index.php?rest_route=\/wp\/v2\/pages\/90\/revisions"}],"predecessor-version":[{"id":335,"href":"http:\/\/www.voegelemaschinenbau.com\/index.php?rest_route=\/wp\/v2\/pages\/90\/revisions\/335"}],"wp:featuredmedia":[{"embeddable":true,"href":"http:\/\/www.voegelemaschinenbau.com\/index.php?rest_route=\/wp\/v2\/media\/326"}],"wp:attachment":[{"href":"http:\/\/www.voegelemaschinenbau.com\/index.php?rest_route=%2Fwp%2Fv2%2Fmedia&parent=90"}],"curies":[{"name":"wp","href":"https:\/\/api.w.org\/{rel}","templated":true}]}}